f -93*(-5)/(75/10) + -1?
1
Let r(c) = -139*c**3 - 4*c**2 + 2*c + 19. What is the thousands digit of r(-3)?
3
Let x(r) = -16*r + 34. Let w(v) = 8*v - 17. Let n(h) = -11*w(h) - 6*x(h). What is the units digit of n(11)?
1
Let j be 15/4 - 7/(-28). What is the tens digit of (-3)/2 + 114/j?
2
Let w(u) = u + 4. Let t be w(7). Suppose -6*m - 71 = 109. Let x = t - m. What is the tens digit of x?
4
Suppose 0 = 3*w + w. Suppose 0*m - m - 17 = w. What is the units digit of 0/(3 - 4) - m?
7
Let m(w) = -5613*w - 50. What is the units digit of m(-1)?
3
Suppose 1652 = b - 2*j, 2*b - 3304 = -50*j + 47*j. What is the thousands digit of b?
1
Let r(t) = -t + t**2 + 4*t - 3 + t**2 + 3*t**2. Suppose -y - y - 5 = 3*o, 2*y - o = 7. What is the units digit of r(y)?
3
Suppose -2*d - 3*t + 146 = 0, 288 = 21*d - 17*d + 5*t. What is the units digit of d?
7
Let h = -1 - -4. Let l be 15*((-8)/h + 2). Let w = l + 19. What is the units digit of w?
9
Let d = 36 - 33. Suppose 4 - 20 = -5*w - u, d*u + 4 = -2*w. What is the units digit of w?
4
Suppose 5*j - 245 = 4*m - 47, 4*j - 154 = m. What is the units digit of (-4)/(-6)*3363/j?
9
What is the hundreds digit of (586 - (6 - 2))/2?
2
Let z be (3/3 + 0)*-10. Let j(k) = k**2 + 6*k - 12. Let a be j(z). What is the units digit of (a/(-8))/7*-122?
1
Suppose -2*m = -q - 7, 2*q - 3*m + 19 - 5 = 0. Let a be 678/14 + 3/q. Suppose 10*c = 9*c + a. What is the tens digit of c?
4
Suppose 0*k - 7 = k + 2*h, 0 = -4*k + 2*h + 22. Suppose -v - v = -k*d + 80, 6 = 3*v. What is the tens digit of d?
2
Let p = 19 - 12. What is the units digit of (p - -1)/(-4)*(-1 - 8)?
8
Suppose -5 + 1 = -2*x. What is the units digit of 168/3 + (0 + -1 - x)?
3
Suppose -12*q + 6079 = -2705. What is the units digit of q?
2
Let x(k) = -2*k - 22. Let c be x(-11). Suppose -l - 50 + 187 = c. Let f = 214 - l. What is the tens digit of f?
7
Let r = -51 - -49. What is the units digit of -11 + 7 - (-8 - r)?
2
What is the thousands digit of ((-12570)/45 + -19)/(2/(-24))?
3
Suppose -4*c - 3*p + 14263 = 0, 79*c - 4*p + 3569 = 80*c. What is the hundreds digit of c?
5
Let j = 985 + -522. What is the tens digit of j?
6
Let s = 60 + 905. What is the units digit of s?
5
Suppose 0 = -4*d + 2937 + 2863. What is the hundreds digit of d?
4
Let u = 1559 - 656. What is the units digit of u?
3
Suppose 2*s - 5*v = -20, 2*v + 40 = -4*s - 24. What is the units digit of (6/s)/(2/(-160))?
2
Suppose -n + 2*n + 4059 = 5*z, -4*z - 4*n = -3228. What is the tens digit of z?
1
Let u(w) = -8*w**2 - 17*w**3 + 16*w**3 + 0 - 2*w - 3 + 9 + 1. Let s be 3/((-6)/16 + 0). What is the tens digit of u(s)?
2
Suppose -z - 3 = 0, b + 5*z = -4 - 5. Suppose b*c = -3*c + 342. What is the units digit of c?
8
Let d(v) = v**3 + 3*v**2 + 2. Let c be (0 - 4) + -2 - -3. Let u be d(c). Suppose 168 = 3*t + u*y + y, -5*t = 4*y - 284. What is the tens digit of t?
6
Let d be 5*8/60 + (-229)/(-3). Suppose x - d = -6*x. What is the units digit of x?
1
Let o(w) be the second derivative of -w**3/3 - 5*w**2 + 5*w. Let k be o(-7). Suppose -2*p + 3*g = -47, -2*p + g + 53 = -k*g. What is the units digit of p?
9
Let o(t) = t**3 - 19*t**2 + 6*t + 19. Let n be o(18). Let k = n - -330. What is the tens digit of k?
3
Suppose 20010 + 20910 = 31*v. What is the thousands digit of v?
1
Let z be 0 + 1 - (7 - 27). What is the tens digit of -74*z/(-28)*4/6?
3
Let k(d) be the first derivative of -5*d**4/2 - d**3 - 2*d**2 - 3*d - 1. What is the tens digit of k(-2)?
7
Let o(x) = -x**2 + 14*x. Let j be o(9). Let a be -19 - (-4)/12*0. Let n = j + a. What is the units digit of n?
6
Let i = 127 - -218. What is the hundreds digit of i?
3
Suppose -337 = -j + 5*f, 5*f + 932 - 2467 = -5*j. What is the hundreds digit of j?
3
Let p(o) = -o**3 + 4*o**2 - 3*o - 7. Let t be p(5). Let k = -12 - t. What is the tens digit of k?
3
Suppose -q = -3*q + 10. Suppose 0 = -3*l + q*w + 5 - 3, 3*w = 2*l. What is the units digit of 1 + l*3/(-2)?
0
Let y = -113 + 118. Suppose 9 = -3*t, t - 3*t = y*w - 674. What is the units digit of w?
6
Suppose 0 = -2*l - 0*v - 5*v + 784, 3*v = 0. Suppose -4*g + l = -72. What is the hundreds digit of g?
1
Let d(l) = 5*l**3 + 8*l**2 - 4*l - 25. What is the thousands digit of d(7)?
2
Let o be ((-122)/2 - -2)*-4. Suppose 9*g - 655 = o. What is the tens digit of g?
9
Let p be 2/3 + (-28)/(-21). Suppose -p*c = c. Suppose c = -3*h + 5*j + 111, 0*j - 3*j = 5*h - 219. What is the units digit of h?
2
Suppose 3*j - 3*t + 4*t = 61, 0 = -3*j - 2*t + 65. Suppose -j = -4*x - 3. Let b = x + 21. What is the tens digit of b?
2
Let v = 15 - 8. Suppose -5*t = -v*t + 628. What is the tens digit of t?
1
Let w be (-3)/4 - 63/(-36). Suppose 8 = 3*d - w. Suppose -2*r = -5*n - 0*r + 25, -d*n + 15 = r. What is the units digit of n?
5
Suppose -136*w + 137*w - 2142 = 0. What is the thousands digit of w?
2
Let m(i) = -i**2 - 9*i - 11. Let k be m(-7). Suppose -5*y = -q - 167, -5*y = -10*y + k*q + 161. What is the tens digit of y?
3
Let k(o) = o**2 + 4*o - 4. Let q be k(-3). Let h(y) = -3*y + 2. Let z(f) = 3*f - 1. Let j(x) = -3*h(x) - 4*z(x). What is the units digit of j(q)?
9
Let d = 675 - 363. What is the hundreds digit of d?
3
Let p(x) = x**3 + 19*x**2 - 6*x + 21. What is the thousands digit of p(-15)?
1
Let s(c) = 6*c**2 + 3*c - 3. Let v be s(-5). Let d be 43/(-3)*(-42)/7. Let w = v - d. What is the units digit of w?
6
Suppose -27 = -5*j - 4*n, -2*n - 4 = -0*n. Suppose 8*h - j = 89. What is the units digit of h?
2
Let j(s) = 5 - 14*s + 2*s**2 + 6 - s**2 - 5. What is the units digit of j(14)?
6
Let j be 4 + (4 - 2)/(-2). Let i(h) = h**2 + 17*h. Let o be i(-18). Suppose 0 = -j*y + 4*x + o, -4*x - 33 = -5*y - 3. What is the units digit of y?
6
What is the units digit of 21/(-3) + 4*148 + -3?
2
Suppose -2*u + 13 = v, 21 = -v + 3*v + 3*u. Suppose 0 = -v*n + 4*g + 127, g + 82 = -3*n + 219. What is the units digit of n?
5
Let s(v) = 89*v**2 - 63*v - 4. What is the tens digit of s(6)?
2
Let v be (-3)/((-15)/6275) - -5. Suppose 17*j - v = 2140. What is the units digit of j?
0
Let p(o) = 15*o**2 + 2. Let t be p(4). Suppose -609 = -5*v - 4*f + 3*f, 2*v + 2*f = t. What is the hundreds digit of v?
1
Let i(l) = 5*l**2 - 15*l - 3. What is the units digit of i(-8)?
7
Let z = 1588 + -534. What is the tens digit of z?
5
Let x(p) = 10*p**3 + p**2 + 2*p - 22. What is the units digit of x(4)?
2
Let l = -82 - -85. Let b(m) = 33*m + 1. Let f be b(3). Suppose i - f = -l*i. What is the units digit of i?
5
Suppose -c + 4 = -x, -5*c = -3*c - 5*x - 23. Let w(r) = -r. Let l be w(c). Let b = 13 + l. What is the tens digit of b?
1
Suppose 5*j = 4*p + 583, 5*j - 2*p + 7*p - 565 = 0. Suppose y - 2*a = 45, 4*y + 8*a - 3*a = j. What is the tens digit of y?
3
Suppose 6 = -3*r, -3*g = -r - 4*r - 82. Let n = g + -15. What is the tens digit of (n/(-6))/((-1)/14)?
2
Suppose -17*y + 1356 = -21*y. Let p = -123 - y. What is the hundreds digit of p?
2
Suppose 0 = -4*f + 6 + 6. Suppose f*i = -i + 28. Suppose -i = 2*b - 45. What is the tens digit of b?
1
Let c(q) = -932*q**3 - q**2 + 2*q + 2. What is the units digit of c(-1)?
1
Let l(s) = s**3 + s**2 + 26*s - 61. What is the units digit of l(9)?
3
Suppose -96 = -6*p + 9*p. Let s = p + 7. Let b = -13 - s. What is the tens digit of b?
1
Suppose s + 3 = 1. Let v = -6 - s. What is the units digit of (3/v)/(6/(-168))?
1
Let q(v) = 2*v**3 - 7*v**2 + 7*v - 13. What is the units digit of q(5)?
7
Let q be 130/15 + 2/(-3). Let p(k) = -k**3 + 7*k**2 + 8*k + 8. Let c be p(q). Let m(j) = 2*j - 8. What is the units digit of m(c)?
8
Let r(d) = 14*d + 87. What is the tens digit of r(12)?
5
Let f(o) = -37*o + 44. Let s be f(-6). What is the hundreds digit of (126/(-49))/((-3)/s)?
2
Suppose 3*j = j + b + 8, 4*j + 3*b = -4. Let s be j/(2 - 6/4). Suppose 79 = 4*g + c - s*c, 74 = 4*g - 2*c. What is the tens digit of g?
1
Suppose -28*l + 39850 = -56106. What is the thousands digit of l?
3
Let t = -611 + 881. What is the tens digit of t?
7
Let a be 1*(2 - 1)*2. Suppose n - l = 53, a*n + 2*l + 54 = 3*n. What is the tens digit of n?
5
Suppose -5*x + 9 = -2*x. Suppose 99 = -7*c + 4*c. What is the units digit of (-11)/c + 11/x?
4
Let y be 12/18 - 46/6. Let p = y + 9. Let h = 12 - p. What is the units digit of h?
0
Suppose 0 = -30*f + 31*f. What is the units digit of f - 9/(-1) - -4?
3
Le